 36?
3137780
In base 10, what is -43819480 - -2?
-43819478
In base 10, what is 129 + -230128?
-229999
In base 10, what is -542 - -48696?
48154
In base 14, what is -2 - -2bcb2a?
2bcb28
In base 15, what is -16 + 1952863?
195284c
In base 9, what is -465815131 - 13?
-465815144
In base 16, what is 98dd97 - -2?
98dd99
In base 2, what is 100000110111010000001001 - -101101?
100000110111010000110110
In base 10, what is -18977 - -29?
-18948
In base 14, what is -4 + 6931d7b?
6931d77
In base 2, what is -10000010111110001101010 - 101?
-10000010111110001101111
In base 3, what is 202102111201 - 12?
202102111112
In base 10, what is -33714189 + -7?
-33714196
In base 12, what is -1586 + 18b30?
17566
In base 7, what is 41031522 - 1?
41031521
In base 5, what is -2311342 + 3200?
-2303142
In base 4, what is -102222213121 - -1?
-102222213120
In base 11, what is 15167 + 9a?
15256
In base 10, what is -4185 - 4?
-4189
In base 8, what is -4 + -2506146?
-2506152
In base 16, what is 3 - 15c3ff?
-15c3fc
In base 2, what is -11001 - -1100101000110010000?
1100101000101110111
In base 13, what is -10c9ab + -48?
-10ca26
In base 10, what is 5508537 - 5?
5508532
In base 9, what is 123 + 3302?
3425
In base 3, what is 200110202 - 2102001?
121001201
In base 2, what is 100000001110100011 + -101100?
100000001101110111
In base 8, what is -1254 + 10603?
7327
In base 12, what is -339990 + b?
-339981
In base 14, what is 2 - -17919487?
17919489
In base 9, what is 218446 - -1244?
220701
In base 15, what is 7 - -184a83?
184a8a
In base 2, what is 1011100 - -10100001101110000000?
10100001101111011100
In base 11, what is -a8 + 75a0a?
75912
In base 16, what is 1a3338fd - -5?
1a333902
In base 14, what is -1bb847 - -2?
-1bb845
In base 2, what is 11111 + -10101111101110?
-10101111001111
In base 13, what is -7 - -21aa84?
21aa7a
In base 6, what is 4305024 + -352?
4304232
In base 7, what is 2 + -240216154?
-240216152
In base 13, what is 14bb75 + 51?
14bbc6
In base 16, what is a27986 + 0?
a27986
In base 16, what is -7ff - -4123?
3924
In base 12, what is -2324 - 31489?
-337b1
In base 9, what is 0 + -74400776?
-74400776
In base 2, what is 1000100010111001011 - -11001?
1000100010111100100
In base 4, what is 2103 - 3032322110?
-3032320001
In base 8, what is -4363233 + 1504?
-4361527
In base 8, what is 4441624 - -15?
4441641
In base 3, what is 11210111 + -10012121?
1120220
In base 12, what is 201 + -449616?
-449415
In base 15, what is -ba6 + a55?
-151
In base 16, what is -1e8 - -76?
-172
In base 15, what is 21 - 1beee5?
-1beec4
In base 15, what is -953d25 - -4?
-953d21
In base 15, what is 3084 + cda2?
10e36
In base 10, what is -17 + 945989?
945972
In base 13, what is -1895c2 - 4?
-1895c6
In base 5, what is -14040311 - 1?
-14040312
In base 3, what is -101001 + -1202111121?
-1202212122
In base 8, what is 2 - 77517105?
-77517103
In base 8, what is -3411473 + -2?
-3411475
In base 12, what is -13499 - -1110?
-12389
In base 11, what is 1220771 + 146?
1220907
In base 11, what is 966190 - 4a?
966141
In base 6, what is -531534 + 451?
-531043
In base 13, what is 1 - 4b3b8a?
-4b3b89
In base 7, what is 0 - 301262563?
-301262563
In base 14, what is -26271ca - 0?
-26271ca
In base 8, what is 140 - 12465362?
-12465222
In base 4, what is -12 + -1300012201031?
-1300012201103
In base 2, what is -100011000111 + 1010000101?
-11001000010
In base 12, what is -3 - 1b2792?
-1b2795
In base 2, what is -110010011010 - 10011101110?
-1000110001000
In base 7, what is -1 - -5056025?
5056024
In base 15, what is -abb7d - cc?
-abc5a
In base 12, what is 43 + 3664780?
3664803
In base 12, what is -302 - 1439a?
-146a0
In base 16, what is -53d4e0 + -30?
-53d510
In base 3, what is 2111 - -2111001120022?
2111001122210
In base 12, what is 15 + -242b6?
-242a1
In base 9, what is -87 - 117580?
-117677
In base 12, what is -519686a + 73?
-51967b7
In base 9, what is -5837 - 357186?
-364134
In base 9, what is 1803615 - -285?
1804011
In base 15, what is 7 + -4dbb0a?
-4dbb03
In base 11, what is 33 - 33a4066?
-33a4033
In base 4, what is 101330123301 - 31?
101330123210
In base 10, what is -1 + 13904540?
13904539
In base 10, what is 1145 + -119250?
-118105
In base 7, what is -6 - -16266555?
16266546
In base 15, what is 30 - -1b7a86?
1b7ab6
In base 9, what is 1222 + 720?
2042
In base 16, what is 17caada + 4?
17caade
In base 7, what is 1350 + 336124?
340504
In base 7, what is -4550 + 53600?
46020
In base 9, what is -263408 - 8?
-263417
In base 11, what is -12 - -1990771?
199075a
In base 8, what is -1072 + 1321620?
1320526
In base 3, what is -100 + 1111022022101?
1111022022001
In base 16, what is 2 + -2708c33?
-2708c31
In base 5, what is -314403324 - 141?
-314404020
In base 3, what is 2021202000001002201 - 0?
2021202000001002201
In base 2, what is 110 + -111110101110100001001?
-111110101110100000011
In base 11, what is 1a5361 - -83?
1a5434
In base 6, what is 3 + 223310005?
223310012
In base 16, what is -215a + -139?
-2293
In base 15, what is 16c87 + -9c?
16bda
In base 12, what is -3 - -49072a8?
49072a5
In base 7, what is -4623443 + 114?
-4623326
In base 15, what is 5cccde3 + 1?
5cccde4
In base 9, what is 12 + 27340064?
27340076
In base 4, what is -211321321 - 22113?
-212010100
In base 8, what is -1 + -147765310?
-147765311
In base 16, what is 4627 + -5?
4622
In base 13, what is 1 - 24473?
-24472
In base 10, what is 550504 + -209?
550295
In base 13, what is 1541b5 + 1a?
154202
In base 3, what is 10110201 - 12100102?
-1212201
In base 16, what is 32 + -54184?
-54152
In base 3, what is 201020212102 + -122?
201020211210
In base 15, what is 18378 + -60?
18318
In base 8, what is -277 - -325430?
325131
In base 14, what is 224d - -184?
23d3
In base 10, what is -1101315353 + -2?
-1101315355
In base 6, what is -1343421103 - -4?
-1343421055
In base 7, what is 25 + -2065461?
-2065433
In base 16, what is 3433c - -472?
347ae
In base 6, what is 25411 - -1230?
31041
In base 12, what is b351 + -6a?
b2a3
In base 15, what is 2235 - 29e1?
-7ab
In base 5, what is 3130124300 + 3?
3130124303
In base 13, what is -aaaa8120 + 5?
-aaaa8118
In base 15, what is 1 + 593a094?
593a095
In base 14, what is -66 + 443260?
4431d8
In base 10, what is -2490 - -1402?
-1088
In base 11, what is -9574867 + 1?
-9574866
In base 14, what is -15bd2a0 + d?
-15bd291
In base 16, what is -45 - -7e4d4?
7e48f
In base 4, what is 10010 + -3133202?
-3123132
In base 11, what is -130 - 248?
-378
In base 7, what is -46445 - 5554?
-55332
In base 8, what is -27731 + 3467?
-24242
In base 9, what is -118854 - -38?
-118815
In base 9, what is 4 + 12545767?
12545772
In base 10, what is -7824 - -3948?
-3876
In base 16, what is -6 - d48b18?
-d48b1e
In base 3, what is -12 - -20201010012200201?
20201010012200112
In base 16, what is -1 - -4b023a?
4b0239
In base 12, what is 2987 - -4244?
700b
In base 4, what is -1232223010111 + 11?
-1232223010100
In base 7, what is -316063566 + 4?
-316063562
In base 9, what is 3478215 - 13?
3478202
In base 5, what is 1 - -1244433?
1244434
In base 12, what is -26404 + -a2?
-264a6
In base 2, what is 111011 - -111011000110?
111100000001
In base 15, what is a14 + 297a9?
2a2bd
In base 8, what is 205475 + -2104?
203371
In base 16, what is 6 + -d5f42f?
-d5f429
In base 14, what is -20323 - 45?
-20368
In base 2, what is -1001111000100110101011 - 101?
-1001111000100110110000
In base 8, what is 3003 - 10026?
-5023
In base 5, what is -2 - 4144112300?
-4144112302
In base 14, what is -3 + -25302a3?
-25302a6
In base 16, what is -1 - -c41147?
c41146
In base 9, what is -24464400 + 0?
-24464400
In base 6, what is -530 + 42252422?
42251452
In base 14, what is -b - 292605?
-292612
In base 8, what is 266 - 12505551?
-12505263
In base 9, what is 23 + -10876575?
-10876552
In base 10, what is 4530890 - -22?
4530912
In base 13, what is 2b5c76 - -4?
2b5c7a
In base 4, what is -3020022130 + -2130?
-3020030320
In base 14, what is -504 - -98c3?
93bd
In base 7, what is -1601 + 34221?
32320
In base 6, what is -200112353 - -1?
-200112352
In base 15, what is -1 + -7bc05?
-7bc06
In base 9, what is -11466143 + 5?
-11466137
In base 9, what is 146068 + -47?
146021
In base 13, what is -950a082 - 2?
-950a084
In base 15, what is -3135 - 687b?
-99b1
In base 15, what is -825dc + 0?
-825dc
In base 6, what is -332003341 - 2?
-332003343
In bas